 List the prime factors of (h/15)/(1/(-15)).
5
Suppose -8 = -4*u, 3*m = -2*u + 23 + 35. What are the prime factors of m?
2, 3
Let j be 6/(-33) - (-2)/11. Suppose -i - 13 = 2*b, -b + 2*i - 7*i - 11 = j. Let t = b - -10. List the prime factors of t.
2
Suppose -5*d + 60 = 2*l, -4*l = -2*d + 68 - 20. Suppose 5*o - 11 = d. List the prime factors of o.
5
Suppose -8*l + 80 = -3*l. What are the prime factors of l?
2
Let h be -1 + -1 + 8/2. Let t be 0*(-2)/4 - -5. Let g = t - h. List the prime factors of g.
3
Suppose 4 = -5*y - 6. Let v be y/1 + (-2 - -4). Suppose 2*o - 10 = v, -d + 55 = 2*d - o. List the prime factors of d.
2, 5
Let u(l) = -3*l - 1. Let q be u(-1). Suppose w + 43 = q*w. Suppose 0 = -2*p - 3*a + w, 2*p + p - 4*a = 22. What are the prime factors of p?
2, 7
Suppose 0*g - 4*g = -12. Suppose -g*c = 19 + 26. What are the prime factors of -2 + 5/(c/(-42))?
2, 3
Let m(r) = 6*r - 19. List the prime factors of m(9).
5, 7
Suppose 0 = -4*q + 121 - 13. What are the prime factors of 4/18 - (-399)/q?
3, 5
Let w be -35 - (-1 + -2 - -1). What are the prime factors of w*8/(-12) + 3?
5
Let i = -52 - -54. List the prime factors of i.
2
Let m = -84 - -128. What are the prime factors of m?
2, 11
Suppose 16*l = 20*l + 76. Let h(p) = -p. Let k be h(6). What are the prime factors of l/(-3) + 2/k?
2, 3
Let s be -6 + (-3)/3 + 2. Let r = s - -9. What are the prime factors of r?
2
What are the prime factors of (-8)/5*(-70)/4?
2, 7
Let k(b) = -b**2 - 6*b. Let r be k(-5). Let l(z) = z**3 - 6*z**2 + 4*z + 7. List the prime factors of l(r).
2
Let n(h) = -h**3 + 16*h**2 + 4. Let a be n(16). Let b(g) = 7*g - 6. Let l(v) = v. Let j(i) = b(i) - 5*l(i). What are the prime factors of j(a)?
2
Let v be -2*(4 + (-116)/8). Let w = v - 15. What are the prime factors of w?
2, 3
Let c be 4*(-39)/(-12)*-1. Let a = -6 - c. Suppose 3*x = a*x - 20, 0 = 5*d + 5*x - 90. What are the prime factors of d?
13
Let a(r) = -r**3 + 10*r**2 - 9*r + 1. Let s be a(9). Let y(j) = 2*j**2 + 1. List the prime factors of y(s).
3
What are the prime factors of -2 - (-5)/3 - (-7613)/69?
2, 5, 11
Let w = -17 - -78. Suppose 3*z + 18 = 3*o - 24, -5*o + w = -2*z. What are the prime factors of o?
11
Let t be 1 + 9/(-3) + 2. List the prime factors of 24 + 3 + t - 3.
2, 3
Let w(p) = -2*p + 7. Let a be w(5). Let l = 3 + a. Suppose -5*f + 4*h + 0*h + 41 = 0, l = 4*f - h - 24. List the prime factors of f.
5
Let i(b) = b + 7. Suppose 8 = -5*u - 17. Let g be i(u). Suppose g = 4*j - 6. What are the prime factors of j?
2
Let f(g) = g**2 - 4*g + 16. List the prime factors of f(-13).
3, 79
Let f = 1 - 0. Suppose a + x = f, -2*a - 3*x + 7 = -2*x. Suppose -20 = q - a*q. List the prime factors of q.
2
Let u(y) = 12*y - 2. Let f(v) = v. Let l be f(1). What are the prime factors of u(l)?
2, 5
Let s(d) = -2*d**2 - 3*d + 4. Let h be s(-3). Let c(v) = 3*v**3 + 5*v**2 + 2*v**2 + 7*v - 2*v**3 + 1. What are the prime factors of c(h)?
2
Suppose a = -2, 0 = -2*v + 5*v + 2*a - 203. Suppose 4*o = v + 11. Suppose -3*g = 4*b - 40, -5*g - o = -0. List the prime factors of b.
13
Let b(p) = -p**3 + 3*p**2 + 5*p - 4. Let i be b(4). Let j(a) = a**3 + a - 16. Let o be j(i). List the prime factors of o/(-6)*6/2.
2
Suppose z + 6 = 3*z. Suppose z*c = -2*c + 90. What are the prime factors of c?
2, 3
Let f be 1*-1 - (-16)/4. Suppose -l - f*l - 16 = 0. List the prime factors of 18*2/(-12)*l.
2, 3
What are the prime factors of (273/12)/(3/36)?
3, 7, 13
Let i be -10*(-2)/((-2)/(-3)). Suppose -4*g + 0*v = 4*v - 60, v = 2*g - i. What are the prime factors of g?
3, 5
Let r(k) = -2*k**3 - k**2 - 5*k - 1. What are the prime factors of r(-2)?
3, 7
Let s(t) = 3*t**2 - 6*t - 7. What are the prime factors of s(6)?
5, 13
Suppose 6*x = 3*x + 42. Suppose -x = -4*y - 2*w - w, 5*y - 2*w = 29. What are the prime factors of y?
5
Suppose 0 = -4*t - 4, -o + 2*o - t - 11 = 0. What are the prime factors of o?
2, 5
Let i = 17 + -11. What are the prime factors of i?
2, 3
Suppose s = -4*s - y + 625, -2*y = 4*s - 506. Let b = s + -84. List the prime factors of b.
2, 5
Let r = -8 - -81. List the prime factors of r.
73
Suppose 3*m - c - 93 = 0, -m - c + 99 = 2*m. What are the prime factors of m?
2
Let f be -3*(1 - 5/3). Suppose 45 = f*h + h. List the prime factors of h.
3, 5
Suppose 3*t - 2*l + 4*l = 3, -3*l - 12 = -t. Suppose -3*x = -0*q - t*q - 96, 2*q = -5*x + 132. What are the prime factors of x?
2, 7
Suppose -w = 4*u - 59, -5*u = 4*w - 4*u - 281. List the prime factors of w.
71
Suppose 5*z = 4*z + 26. What are the prime factors of z?
2, 13
Let v(g) be the second derivative of 1/6*g**4 + 0 - g + 3/2*g**2 + g**3. List the prime factors of v(-4).
11
Let y(x) = x. Let v be y(4). Let l = v - -28. List the prime factors of l.
2
Let s = -11 + 45. Let y = s - 52. Let m = 29 + y. What are the prime factors of m?
11
Let q = -1 - -6. Suppose -70 + 175 = q*n. What are the prime factors of n?
3, 7
Suppose 3*y = 8*y - 540. What are the prime factors of y?
2, 3
Let u(j) = 10*j - 7. Let d(v) = -6*v - 1. Let a be d(-1). Let i be u(a). Suppose 0 = -5*f - 8 + i. List the prime factors of f.
7
Let h be 2*(2 + 12/(-2)). Let r = 10 + h. List the prime factors of r.
2
Let l(k) be the third derivative of -k**4/24 + 2*k**2. Let s = -12 - -8. What are the prime factors of l(s)?
2
List the prime factors of 6*(3 + (-6)/(-4)).
3
Let o = 476 - 275. What are the prime factors of o?
3, 67
Let t(r) = r**3 - 11*r**2 + 12*r - 10. Let l be t(10). Let a be -1*l*(-1)/2. Suppose 2*j + 54 = 4*h + a*j, -5*h + 5*j = -50. List the prime factors of h.
2, 3
List the prime factors of 292/24 - (-2)/(-12).
2, 3
Suppose -p = -5*d - 8, -p = 2*d - 0*d - 8. List the prime factors of p.
2
Let i = 260 - 56. List the prime factors of i.
2, 3, 17
Let r(n) = n**2 - 6*n - 4. Suppose -5*i + 2*i = -3*c + 30, i = 3*c - 32. What are the prime factors of r(c)?
3, 17
Suppose -6 = -n - 2. Suppose 3*u = n*u - 4. Let s = 9 - u. What are the prime factors of s?
5
Suppose 2*q - 2*n = q + 4, -3*q + n = -7. Let b be (-10 - (2 - q)) + -2. Let m = 23 + b. What are the prime factors of m?
11
Suppose 3*r - 10 - 12 = -5*g, 5*r + 25 = 4*g. Suppose -5 = -g*i, -5*a + 4*i + 17 = i. Suppose a*y - 38 + 2 = 0. What are the prime factors of y?
3
Suppose -2*i + 9 = -27. List the prime factors of i.
2, 3
Let a(u) = -u**3 - 5*u**2 - 6*u - 5. Let q(d) = -d**2 + 4. Let t be q(-3). List the prime factors of a(t).
5
Suppose 0 = d - 0*d - 6. Let k = -162 - -104. List the prime factors of (-4)/d - k/6.
3
Let x(d) = -d**3 + 7*d**2 + 4*d + 11. What are the prime factors of x(6)?
71
Suppose 0 = z - 4, -2*d + 3*z = -0*d + 10. List the prime factors of -34*d*(-2)/4.
17
Suppose 5*o - 2*g - 111 = 0, -3*o + 0*o - g + 60 = 0. What are the prime factors of o?
3, 7
Suppose -2*u + g = 3*g - 294, -3*g = -4*u + 609. List the prime factors of u.
2, 3, 5
Let s = -1 + 10. Suppose -t = -3*k + s, t - 3*k = -t - 6. What are the prime factors of t?
3
Suppose 0 = 3*y + 15, -2*a - y = -7*a + 80. List the prime factors of a.
3, 5
Let t(w) = -w**3 + 6*w**2 - 4*w + 5. Let z be t(4). Suppose z = -0*r + r. What are the prime factors of r?
3, 7
Let c be (-9*1)/((-6)/4). Let b(r) = -r**3 + 6*r**2 - r + 3. Let k be b(c). What are the prime factors of 13 + k/(-9)*0?
13
Suppose -2*j - 18 = -4*y, 2*y - y + j = 0. Suppose -120 = -y*v - 0*v. What are the prime factors of v?
2, 5
Let a be (4/(-6))/(4/(-18)). Suppose -k + 6 = -a*j, -j - 26 = -3*k + 4*j. Suppose 0*u + 4*u + 3*d - 15 = 0, 0 = -4*u - 4*d + k. What are the prime factors of u?
2, 3
Suppose -4*a + 5*q + 20 + 132 = 0, 0 = q. What are the prime factors of a?
2, 19
Let l be (354/9)/(2/3). Suppose -2*w - 4*d + 12 = 0, -5*w - 2*d + 11 + l = 0. List the prime factors of w.
2
Suppose 0 = 3*m + m - 24. Let g = m - 4. Suppose -4*a - 32 = -v - 0*v, g*v = -a + 19. What are the prime factors of v?
2, 3
Suppose 0 = -2*s - 0*k - k + 225, -3*s + 330 = 3*k. List the prime factors of s.
5, 23
Suppose 2*l + 2 - 10 = 0. Let f = 7 + -4. Let k = l + f. What are the prime factors of k?
7
Let t be (2 - 2) + -1 + 3. Suppose a - t = 3. Let h = 23 - a. List the prime factors of h.
2, 3
Suppose 8*m = 10*m - 44. List the prime factors of m.
2, 11
Let l be (-38)/(-8) + 21/(-28). Suppose 0 = h + l*h. Suppose h*d = -2*d + 32. List the prime factors of d.
2
Let j =